51 - a. Is d a composite number?
False
Let p be (-23)/((-28)/(-16) - 2). Suppose 89*b + 43773 = p*b. Is b prime?
True
Let t(z) = -z**2 - 2*z. Let y(k) = -29*k**2 + 62*k + 26. Let l(b) = 2*t(b) - y(b). Is l(19) a composite number?
False
Let p be -34 + 62 + 0/(-2). Let z = p + -20. Let c(o) = 109*o**2 - 16*o - 13. Is c(z) prime?
False
Let o be (-13483)/3 + 74/(-111). Let t = o + 11076. Is t prime?
True
Suppose 26*n - 144 = 18*n. Is (-68064)/(-27) - (-2)/n a composite number?
False
Suppose 5*j = -2*m + 4*j + 9, 2*j = 2. Suppose 6 = -3*c - 6, -3*d - m*c = -7217. Is d composite?
False
Suppose 6*k - k + 28 = 4*m, -5*k - 30 = -5*m. Suppose 0 = -j + 2*f + 443, 10*j - m*f - 886 = 8*j. Is j prime?
True
Is 836021/4 - (-33)/(-132) prime?
False
Let g(c) = 3*c**2 - 21*c - 459. Let h = 882 + -847. Is g(h) prime?
False
Let r(m) = m**3 + 3*m - 21334. Let i be r(0). Is 3/10 + i/(-20) a composite number?
True
Let m be (-1 - 9/(-6))/(2/(-72)). Let j = m + 20. Suppose -j = f, -2*f - f = 4*x - 5750. Is x a composite number?
False
Let a(j) be the third derivative of 13*j**2 + 0 - 17/8*j**4 + 25/6*j**3 + 0*j. Is a(-14) composite?
False
Suppose 0 = 4*c + z + 1789, 3*c - z = -1707 + 367. Let w = c + 12400. Is w a composite number?
False
Let f(k) = 105*k**2 - 5*k + 10. Let o be f(-6). Suppose 3*w - o = -w + 2*z, -4*z = -3*w + 2865. Is w a composite number?
True
Suppose 5*t + 21542 + 137148 = 0. Let f be t/(-56) + 1/(0 + 4). Is 2/6*(f + 6) composite?
False
Suppose 44304 = 4*r + 1372. Let u = 15513 - r. Suppose 3*l + u = 5*w, -w = 2*l - 0*l - 943. Is w composite?
False
Let t(n) = -11*n**2 - 6*n - 29. Let i be t(16). Let c = i - -5156. Is c prime?
False
Suppose 3*p = -v - 26, 35 = -2*p + 5*v - 5. Is ((-65)/p + -6)/(3/1578) composite?
False
Suppose 2330*g - 5*r + 869249 = 2332*g, 0 = 2*g - 4*r - 869222. Is g composite?
True
Let l(z) = 4216*z**2 - 51*z - 386. Is l(-13) a prime number?
True
Suppose 0*p = 5*p + 5*d - 5, -4*d = 8. Suppose -p*a + 7243 = -3518. Is a composite?
True
Let g = -35653 - -64712. Is g a composite number?
False
Suppose -12 = 9*t + 24. Let d(z) = -65*z**3 - 8*z**2 - 7*z + 13. Is d(t) composite?
False
Let d be (13/(-4))/(7 - 14228/2032). Suppose -w + 6 = 3. Suppose -4*k = q - 2184, -q - d = -w*k - 5*q. Is k a prime number?
False
Suppose 39*c - 5800229 = -2*c. Is c prime?
False
Suppose 18*p - 92620 = 7*p. Suppose 0*j - z + 3 = -2*j, 12 = 4*z. Suppose 57*f - 61*f + p = j. Is f composite?
True
Suppose 15099 = 3*f - 2*f + 5*d, 0 = 3*f + d - 45241. Is f composite?
True
Suppose -34*j - 10569 = -37*j. Suppose -j = -3*s - 4*f, -s - 2*s + 3499 = -2*f. Is s prime?
False
Suppose 0 = -4*h - 9*y + 5*y + 48, -2*h - 4*y + 32 = 0. Let z be (-298)/((h/32)/((-2)/4)). Suppose k + 3*k = z. Is k a prime number?
True
Suppose -10*v = 4*i - 12*v + 8, 3*i + v + 6 = 0. Is 13946 - (21/7 + i) prime?
False
Let k(i) = 9*i + 0*i**2 + 0*i + 22 + 11*i**2 + i**3 - i**2. Let d be k(-9). Is (-2)/4 - 0 - (-32241)/d a composite number?
True
Let m(q) = q + 5. Let j be m(-3). Suppose 2*b = -2 + 4, -5*u - 527 = -j*b. Let f = 266 + u. Is f prime?
False
Let l(n) = 10891*n**2 + 50*n + 68. Is l(-5) a composite number?
False
Suppose -2*j = 5*o + 269 - 73, -2*j + 5*o - 236 = 0. Let a be (4/6 - (-99)/j)*-8. Suppose f = a + 3, f = -3*c + 1898. Is c composite?
False
Suppose -25*h + 21*h - 5*u = -643414, 4*u = 4*h - 643468. Is h prime?
True
Let r be (-5)/(-20)*0 - (9 - -1). Let f(j) = j**3 + 11*j**2 + 8*j - 20. Let u be f(r). Suppose 3*l + 3*b - 3150 = u, -5 = b - 0. Is l a prime number?
False
Let c be 74300/675 + 2/(-27). Is 1035490/c - 6/11 a prime number?
True
Let b be 20130/154 - 2/(-7). Let h = -1139 + b. Let l = 1747 + h. Is l composite?
False
Suppose -109672 - 223988 = -20*y. Suppose 57*r - y = 6516. Is r a prime number?
False
Is (-25299778)/(-210) - (-2)/(-15) - 2 composite?
False
Let l(k) = 13*k**3 + 8*k**2 - 34*k - 1. Let h(t) = -26*t**3 - 14*t**2 + 69*t + 1. Let a(g) = 4*h(g) + 7*l(g). Is a(-8) composite?
True
Let n be (-1 + 0)/(-6*(-8)/(-144)). Suppose q = 4, -5*q + 10355 = n*t - 3*q. Is t prime?
True
Let y(i) = -3*i - 70 + 4*i + 73. Let f be y(0). Suppose 0*g - f*g - 3*v = -366, 245 = 2*g + v. Is g a prime number?
False
Suppose 40268 = 32*u - 506388. Is u prime?
False
Suppose -4*i + 2*m = -865377 + 288593, 432599 = 3*i + 4*m. Is i composite?
True
Suppose -4*p + 128726 = -518978. Suppose -14*z + 39072 + p = 0. Suppose -15*t = -22*t + z. Is t a composite number?
True
Let q = 6 - 12. Suppose 0*b + 4*i = 3*b, 3*i + 9 = 0. Is q - b - (-1664 - -1) a prime number?
False
Let c = -282 + 297. Suppose c*s = 18*s - 36555. Is s prime?
False
Let j be (-4)/(2 - 8/2) - -9660. Let b = 17469 - j. Is b a composite number?
True
Suppose -3*x = -2*r - 1156, r = -4*r + 5*x - 2890. Let j = r + 935. Suppose 90 + j = 3*m. Is m a prime number?
True
Suppose 0 = -42*f + 39*f + 60. Suppose j = -2*s + f + 1963, -2*s = -j + 1987. Is j a prime number?
False
Suppose 5*x + 5 = 0, 5*x + 5 = k + 3*k. Let g(u) = -186 - 2*u - u**2 + 0*u**3 + 748 + u**3 + 0*u**3. Is g(k) a prime number?
False
Suppose -m - 1 = -3*h, -3*h + 7 + 9 = 2*m. Suppose 0 = o - h*w - 926, 845 = 4*o - 3*w - 2849. Is o a prime number?
False
Suppose -4*f = 2*w - 38, 5*w - 22 = -3*f + 24. Suppose -f*g = g - 240. Is (592/(-3) - -2)/(g/(-45)) composite?
False
Suppose 12*k + 6375 = 7*k. Let y = k - -3236. Let r = 3912 - y. Is r a composite number?
False
Let z = 3134 + -721. Let i = z - -630. Is i a prime number?
False
Let h(t) = -t**3 - 6*t**2 - 2*t + 12. Let v be h(-6). Suppose -3*q + v = -4*j, 2*j + 1 = -5. Suppose -16*l = -q*l - 46836. Is l prime?
False
Let y(l) = -l + 5. Let m be 21*(25/15)/(-5). Let h be y(m). Is 554/(3/h - (-12)/(-176)) composite?
True
Suppose 5*s - 210 = 5*y, -5*s - 204 = 5*y - 34. Let h be (-2690)/(-8) + 4/16*-1. Let n = h + y. Is n prime?
False
Suppose -5*r = -3*d + 251678, -205*r - 83889 = -d - 207*r. Is d prime?
True
Suppose -4*k + 4*b + 386526 = 4910, k - 4*b = 95419. Is k composite?
True
Let c(d) = -3*d + 14. Let t(z) = -1. Let s(x) = c(x) + 2*t(x). Let y be s(4). Suppose y = 2*v - 944 + 186. Is v composite?
False
Is (791047/3)/(-5*(-552)/180 - 15) a composite number?
False
Suppose 0*a - 15 = -3*a. Suppose -a*l + 20 = 3*s, 0 = -4*l + 4. Is (-2)/((3 - s)*1/109) a composite number?
False
Suppose -5*j = -4*i + 290, 12*j = 14*j + 4*i + 88. Let s = 341 - j. Is s a prime number?
False
Suppose i - 5*i = -261864. Is (4/24)/(3/i) composite?
False
Suppose 0 = -5*o - 10, 2*d = -0*d + 2*o + 76. Let t = d - 30. Suppose -9795 - 14811 = -t*p. Is p a composite number?
True
Suppose 63*b = 51*b + 49092. Suppose -b = -2*c - 4*u + 2079, u - 15443 = -5*c. Is c a prime number?
True
Let p = 3133 - 1587. Let m = p - -2605. Is m composite?
True
Let r = 65 + 7. Let k = 73 - r. Is (-18171)/(-18) + k/(-2) prime?
True
Let r = 11974 + -8553. Let j = 176 - 1840. Let v = r + j. Is v a composite number?
True
Suppose -23353893 = -28*k + 12117823. Is k composite?
False
Let w(b) = 23*b**2 + 167*b + 283. Is w(36) prime?
False
Let p(u) = u**2 + 1. Let h(t) = 16*t**3 - 5*t**2 - t + 18. Let k(v) = h(v) + 3*p(v). Is k(4) prime?
True
Let z(n) = 2*n**3 - 19*n**2 - 10*n + 9. Let m be (-1)/(123/60*-2 + 4). Let y be z(m). Is ((-10)/45)/(-1) + 3121/y a prime number?
True
Let n(q) = q**3 + q**2 + q + 1. Let c(g) = 36*g**3 - 6*g**2 + g + 3. Let w(l) = -c(l) - 3*n(l). Is w(-4) a composite number?
True
Suppose -12 = -11*v + 8*v. Suppose 24 = 2*k + 4*o, k - v*o = -2*o - 8. Suppose k*a = -2*x + 1732, -a - 8*x = -3*x - 870. Is a a prime number?
False
Suppose 5*u + 82 = 2*f, 2*f - 5*f - 77 = 5*u. Let q(n) = 2*n**2 + 25*n - 9. Is q(u) prime?
True
Suppose -4*l + 4*u = 0, 2*l - 4*l - 5*u = 14. Is 1/l*(-2 + -5 + -397) a composite number?
True
Suppose -110 + 107 = w. Is 0 - (-4 - w) - 2 - -160 composite?
True
Suppose 3*q + 344833 = 3*i - q, 2*i + 5*q - 229904 = 0. Is i a prime number?
False
Let f be (1 - (-62)/2) + -1. Let t = f + -29. Suppose t*v + 2935 = 7*v. Is v composite?
False
Let i be 21/35 - 15/25. Suppose i = -a + 11383 + 12700. Is a a composite number?
False
Let j = -65 + 65. Is j + (77022/7 - 18/126) a composite number?
False
Let l(k) = 5*k**2 + 12*k - 75. Let y be l(3). Let o(r) = 26*r**2 + 8*r + 4. Let a be o(-6). Suppose -2*z = -y*z + a. Is z prime?
True
Let f(o) = 2*o**2 - 6. 